{"id":650,"date":"2018-09-27T10:45:00","date_gmt":"2018-09-27T08:45:00","guid":{"rendered":"https:\/\/www.schachclub-kirchheim.de\/?page_id=650"},"modified":"2022-10-23T17:11:04","modified_gmt":"2022-10-23T15:11:04","slug":"sf-nabern-1998-bis-2018","status":"publish","type":"page","link":"https:\/\/www.schachclub-kirchheim.de\/index.php\/sf-nabern-1998-bis-2018\/","title":{"rendered":"SF Nabern 1998 bis 2018"},"content":{"rendered":"\n<h3 class=\"wp-block-heading\">Die Chronik der Schachfreunde Nabern e.V. (Teil 2)<\/h3>\n\n\n\n<p>Nachdem sich die Schachfreunde im Jubil\u00e4umsjahr 1997 unter Vorsitz von Dr. Rainer Schweizer und Vize Kurt J\u00e4ger endg\u00fcltig einpr\u00e4gsam in ganz Nabern und deren Umland dargeboten hatten, hielt der neue 1. Vorsitzende Karl-Heinz Ilzh\u00f6fer die Pr\u00e4senz in der \u00d6ffentlichkeit \u00fcber Jahre noch wach. Dabei unterst\u00fctzte tatkr\u00e4ftig Kurt J\u00e4ger, der ebenfalls 1998 Matthias Eisenhuth als Pressewart abl\u00f6ste. So wurde zum Kinderfest 1998 ein Umzugswagen gestaltet, der sich auch in den Folgejahren bew\u00e4hrte. Passend dazu brachte nun der eigene Nachwuchs (wie Jan J\u00e4ger und Christoph Schutte) Schwung in den Verein, nachdem die erste Nachwuchsgeneration (wie Karl Moll, Alfred und G\u00fcnther Keller, Bj\u00f6rn Kneile) in den 80er-Jahren schon sportlich wie organisatorisch an den Geschicken des Vereins mitgestaltet hatte.<\/p>\n\n\n\n<p>Im Jahre 2000 wurde die erste Internetpr\u00e4senz des Vereins durch die sehr engagierten Jugendlichen Minh Cuong Tran und Stefan Urban eingerichtet. Es war ein digitaler Meilenstein. Ebenfalls aus der Schachjugend \u00fcbernahm Nico M\u00fchleck fr\u00fch Verantwortung und f\u00fchrte einige Jahre die 3. Mannschaft und Minh Cuong Tran als 2. Vorsitzender den Verein an. Er l\u00f6ste damit 2002 Hans-Martin Ruopp ab. Wie selbstverst\u00e4ndlich und flie\u00dfend \u00fcbernahm Cuong die langj\u00e4hrige Mannschaftsf\u00fchrung der Ersten von Dietmar Schulz. Als ob dies nicht schon genug war, brachte er seine flei\u00dfige Mitarbeit auch beim Schachverband W\u00fcrttemberg ein. Die Mischung aus dieser belebenden Jugend und aus den Tradition bewussten \u00c4lteren (wie Kurt J\u00e4ger, Dietmar Schulz, Rainer Schweizer und Erich Kneile) lie\u00df das Vereinsleben weiterhin gedeihen. Mit dem zweiten Aufstieg der 1. Mannschaft in die Landesliga 2003\/04 wurde diese Entwicklung auch sportlich gekr\u00f6nt.<\/p>\n\n\n\n<p>In der Folge beteiligten sich die Schachfreunde unter dem neuen Jugendleiter Christoph Schutte regelm\u00e4\u00dfig am Kinderfest in Nabern. Christoph Schutte erhielt durch eine gezielte Ausbildung die \u00dcbungsleiterlizenz. Die Nachwuchsarbeit trug durch sein Engagement auch wieder gro\u00dfe Fr\u00fcchte. Mit Georg Braun konnte bei uns ein junges Talent seine Spielst\u00e4rke entwickeln. Er wurde einige Male deutscher Jugendmeister und darf sich heute FIDE-Meister nennen. Er wandelt gewisserma\u00dfen in den Fu\u00dfstapfen von FIDE-Meister J\u00f6rg Gr\u00fcnenwald, der seine Anf\u00e4nge bei uns hatte und heute in der Schweizer Bundesliga spielt.<\/p>\n\n\n\n<p>Doch schon als Rainer Schweizer sein Vorstandsamt 1998 abgab, waren erste gesellschaftliche Ver\u00e4nderungen erkennbar, die sich auf das Vereinsleben auswirken werden. Nicht nur die Unsicherheit der Arbeitspl\u00e4tze durch Mobilit\u00e4t und Leistungsdruck, auch das Schul- und Freizeitprogramm der Jugendlichen nahm merklich zu. Solch Randeffekte wie regelm\u00e4\u00dfige Fu\u00dfball\u00fcbertragungen mittwochs an unserem Spieleabend taten ein \u00dcbriges. Die Rekordzahl von ca. 70 Mitgliedern nahm seit dieser Zeit ab. Stand vorher noch ein ausgewogenes Verh\u00e4ltnis zwischen Sport- und Wohlf\u00fchlfaktor im Vordergrund, so sind mit dieser Zeit gesellige Aspekte allm\u00e4hlich in den Hintergrund getreten. Einige der \u00c4lteren k\u00f6nnen sich noch an die legend\u00e4ren Blitzschachn\u00e4chte im Anschluss an die Vereinsabende in der Gastst\u00e4tte \u201cAlbblick\u201c erinnern, wo bei Bier und Vesper bis fr\u00fch morgens durchgespielt wurde. Bei den Schachwanderungen waren Alt und Jung mit Begeisterung dabei. Bei den Weihnachtsfeiern war der alte Kindergarten mit mehr als 60 G\u00e4sten nahezu aus den N\u00e4hten geplatzt, sodass sogar f\u00fcr die Jugend eine eigene Feier abgehalten werden konnte. In dieser Hinsicht symbolisch mussten die Schachfreunde dann im Jahre 2006 in den B\u00fcrgersaal des Rathauses Nabern umziehen und im Mai 2007 f\u00fcr immer von ihrem langj\u00e4hrigen Vorsitzenden Rainer Schweizer Abschied nehmen.<\/p>\n\n\n\n<figure class=\"wp-block-image size-full\"><img decoding=\"async\" src=\"https:\/\/www.schachclub-kirchheim.de\/wp-content\/uploads\/2022\/10\/Schachwanderung-300x201-1.jpg\" alt=\"\" class=\"wp-image-844\"\/><\/figure>\n\n\n\n<p><em>Das Bild entstand in den Vogesen ca. 2001 und zeigt neben unserem Ehrenmitglied Gerhard Sattler &#8211; damals schon an die 80 Jahre alt &#8211; Familien Schulz, Schweizer, Schutte, Ilzh\u00f6fer, Moll und J\u00e4ger.<\/em><\/p>\n\n\n\n<p>Fast schon einer Tradition gleich wechselte der Vorsitz wieder nach zehn Jahren. Thomas K\u00f6hler wurde 2008 der 1. Vorsitzende. Karl-Heinz Ilzh\u00f6fer unterst\u00fctzte ihn als 2. Vorsitzender. Der Weggang Christoph Schuttes versetzte der Jugendarbeit einen schweren Schlag, der sich noch \u00fcber Jahre auswirkte. Gro\u00dfe Trauer zog auch der ewige Abschied von Kurt J\u00e4ger im November 2011 nach sich. Desto erfreulicher war das pl\u00f6tzliche Erwachen aus Lethargie, als im Jahre 2013 dringender Handlungsbedarf erkannt wurde. Im Rahmen eines Jugendprojekts setzten sich Dietmar Schulz, Minh Cuong Tran, Martin Vogel, Nico M\u00fchleck und Jochem Benk zusammen und berieten das weitere Vorgehen. Mit viel Engagement wurde die Jugendarbeit neu aufgestellt und die Werbetrommel an Grundschulen ger\u00fchrt. Jochem Benk und Martin Vogel \u00fcbernahmen die Verantwortung als Jugendleiter \u00fcber das Schulschach, den sog. Arbeitsgemeinschaften, neue Jugendliche nach Nabern zu holen. Auch diesmal trug die Anstrengung Fr\u00fcchte, als beim Schulschach ca. 25 Kinder das Bauerndiplom ablegten, und wir \u00fcber zehn Kinder als Mitglieder bei uns begr\u00fc\u00dfen durften. Mit gro\u00dfer Freude konnten statt zwei wieder vier Mannschaften zu den Verbandsspielen 2014 angemeldet werden. Es folgten auch Jahre regelm\u00e4\u00dfiger Vortr\u00e4ge des lettischen Gro\u00dfmeisters Zigurds Lanka, der auch unserer Jugend einige Kniffe vermittelte. Auch so sammelte die Jugend Erfahrung und dann auch Erfolge. Leider war dies noch kein Selbstl\u00e4ufer, denn schon zwei Jahre sp\u00e4ter lie\u00df die Ausdauer bei der Jugend und die Kraft bei den einigen Ausbildern nach. Hinzu kam der unerwartete Tod von Helmut Winter im Herbst 2015, dessen Rundum-Einsatz an vielen Stellen im Verein stete Belebung brachte.<\/p>\n\n\n\n<p>In dieser Entwicklung gab Thomas K\u00f6hler 2016 den Vorsitz ab. In dieser schwierigen Lage \u00fcbernahm Hans-Peter Bastian lobenswert das Amt des 1. Vorsitzenden. Es schien, ein gewisses Niveau konnte sportlich wie organisatorisch &#8211; besonders durch das gro\u00dfe Engagement von Martin Vogel in der Jugendarbeit &#8211; gehalten werden. Doch schon die Mitgliederzahl, die sich nach einer Talfahrt vor f\u00fcnf Jahren auf fast 60 vor zwei Jahren dank der neuen Schachjugend wieder eingependelt hatte, sank durch erste Austritte wieder ab. Der weitere Weggang einiger Kinder konnte nicht verhindert werden. Als dann unser langj\u00e4hriger Vorsitzender und Gr\u00fcndungsmitglied Dietmar Schulz nach schwerer Krankheit im M\u00e4rz 2017 verstarb, verloren die Schachfreunde f\u00fcr immer und sp\u00fcrbar eine Seele des Vereinslebens. In Folge zeichnete sich der 1. Mannschaft eine d\u00fcstere Zukunft. Und im April 2018 stand fest: Die 1. Mannschaft steigt in die Kreisklasse ab.<\/p>\n\n\n\n<p>Nun, da existenzielle Fragen des Vereins zu l\u00f6sen sind, \u00fcbernimmt im April 2018 Christoph Kandler das Amt des 1. Vorsitzenden. Mit entsprechender Werbung versuchen wir, weiter Kinder f\u00fcr das Jugendschach unter Leitung von Michael Stiefelmeyer zu gewinnen. Noch vor wenigen Jahren war er selbst im Jugendschach und hat in den letzten drei Jahren durch eine beispiellose Leistungssteigerung sein Niveau auf das unserer besten Spieler gehoben. Selbst das Amt des Mannschaftsf\u00fchrers hat er vom langj\u00e4hrigen Kapit\u00e4n Minh Cuong Tran inzwischen \u00fcbernommen. Nicht vergessen sollten wir die zweite Mannschaft, die beachtliche Ergebnisse bis in die Kreisklasse bei Verbandsspielen erzielt. F\u00fcr Jugendliche mit bestandener Feuertaufe ist sie dann die n\u00e4chste Bew\u00e4hrungsstufe. Dabei ist es Bernd Koch \u00fcber lange Jahre gelungen, die 2. Mannschaft gut zu vertreten.<\/p>\n\n\n\n<p>Karl-Heinz Ilzh\u00f6fer und Christoph Kandler, September 2018<\/p>\n","protected":false},"excerpt":{"rendered":"<p>Die Chronik der Schachfreunde Nabern e.V. (Teil 2) Nachdem sich die Schachfreunde im Jubil\u00e4umsjahr 1997 unter Vorsitz von Dr. Rainer Schweizer und Vize Kurt J\u00e4ger endg\u00fcltig einpr\u00e4gsam in ganz Nabern und deren Umland dargeboten hatten, hielt der neue 1. Vorsitzende Karl-Heinz Ilzh\u00f6fer die Pr\u00e4senz in der \u00d6ffentlichkeit \u00fcber Jahre noch wach. Dabei unterst\u00fctzte tatkr\u00e4ftig Kurt &hellip; <\/p>\n<p class=\"link-more\"><a href=\"https:\/\/www.schachclub-kirchheim.de\/index.php\/sf-nabern-1998-bis-2018\/\" class=\"more-link\"><span class=\"screen-reader-text\">\u201eSF Nabern 1998 bis 2018\u201c <\/span>weiterlesen<\/a><\/p>\n","protected":false},"author":17,"featured_media":0,"parent":0,"menu_order":0,"comment_status":"closed","ping_status":"closed","template":"","meta":{"footnotes":""},"class_list":["post-650","page","type-page","status-publish","hentry","entry"],"_links":{"self":[{"href":"https:\/\/www.schachclub-kirchheim.de\/index.php\/wp-json\/wp\/v2\/pages\/650","targetHints":{"allow":["GET"]}}],"collection":[{"href":"https:\/\/www.schachclub-kirchheim.de\/index.php\/wp-json\/wp\/v2\/pages"}],"about":[{"href":"https:\/\/www.schachclub-kirchheim.de\/index.php\/wp-json\/wp\/v2\/types\/page"}],"author":[{"embeddable":true,"href":"https:\/\/www.schachclub-kirchheim.de\/index.php\/wp-json\/wp\/v2\/users\/17"}],"replies":[{"embeddable":true,"href":"https:\/\/www.schachclub-kirchheim.de\/index.php\/wp-json\/wp\/v2\/comments?post=650"}],"version-history":[{"count":0,"href":"https:\/\/www.schachclub-kirchheim.de\/index.php\/wp-json\/wp\/v2\/pages\/650\/revisions"}],"wp:attachment":[{"href":"https:\/\/www.schachclub-kirchheim.de\/index.php\/wp-json\/wp\/v2\/media?parent=650"}],"curies":[{"name":"wp","href":"https:\/\/api.w.org\/{rel}","templated":true}]}}