{"id":654,"date":"2018-09-07T10:47:00","date_gmt":"2018-09-07T08:47:00","guid":{"rendered":"https:\/\/www.schachclub-kirchheim.de\/?page_id=654"},"modified":"2022-10-22T10:47:52","modified_gmt":"2022-10-22T08:47:52","slug":"funktionaere","status":"publish","type":"page","link":"https:\/\/www.schachclub-kirchheim.de\/index.php\/funktionaere\/","title":{"rendered":"Funktion\u00e4re"},"content":{"rendered":"\n<p>Die Funktion\u00e4re seit Gr\u00fcndung des eigenst\u00e4ndigen u. eingetragenen Schachvereins waren:<\/p>\n\n\n\n<div class=\"wp-block-group\"><div class=\"wp-block-group__inner-container is-layout-flow wp-block-group-is-layout-flow\">\n<div class=\"wp-block-columns is-layout-flex wp-container-core-columns-is-layout-9d6595d7 wp-block-columns-is-layout-flex\">\n<div class=\"wp-block-column is-layout-flow wp-block-column-is-layout-flow\" style=\"flex-basis:100%\">\n<figure class=\"wp-block-table\"><table><tbody><tr><td><\/td><td><strong>Vorsitzender<\/strong><\/td><td><strong>Stellvertreter<\/strong><\/td><td><strong>Schriftf\u00fchrer<\/strong><\/td><td><strong>&nbsp;Kassier&nbsp;&nbsp;<\/strong><\/td><td><strong>Jugendleiter<\/strong><\/td><td><strong>Sportwart<\/strong><\/td><td><strong>Beisitzer<\/strong><\/td><td><strong>Pressewart<\/strong><\/td><\/tr><tr><td>2021<\/td><td>C. Kandler<\/td><td>K.H.Ilzh\u00f6fer<\/td><td><em>vakant<\/em><\/td><td>E.Motzer<\/td><td>M.Stiefelmeyer<\/td><td>S. Koch<\/td><td>H.P.Bastian<\/td><td><em><em>vakant<\/em><\/em><\/td><\/tr><tr><td><strong>2020<\/strong><\/td><td>C. Kandler<\/td><td>K.H. Ilzh\u00f6fer<\/td><td><em>vakant<\/em><\/td><td>E.Motzer<\/td><td>M.Stiefelmeyer<\/td><td>S. Koch<\/td><td>H.P.Bastian<\/td><td><em><em>vakant<\/em><\/em><\/td><\/tr><tr><td>2019<\/td><td>C. Kandler<\/td><td>K.H. Ilzh\u00f6fer<\/td><td>T. K\u00f6hler<\/td><td>B. Koch<\/td><td>M.Stiefelmeyer<\/td><td>S. Koch<\/td><td>H.P.Bastian<\/td><td>C. Kandler<\/td><\/tr><tr><td><strong>2018<\/strong><\/td><td>C. Kandler<\/td><td>K.H. Ilzh\u00f6fer<\/td><td>T. K\u00f6hler<\/td><td>B. Koch<\/td><td>M.Stiefelmeyer<\/td><td>S. Koch<\/td><td>H.P.Bastian<\/td><td>C. Kandler<\/td><\/tr><tr><td>2017<\/td><td>H.P. Bastian<\/td><td>K.H. Ilzh\u00f6fer<\/td><td>C. Kandler<\/td><td>B. Koch<\/td><td>Benk u. Vogel<\/td><td>T. K\u00f6hler<\/td><td>K. Schott<\/td><td>C. Kandler<\/td><\/tr><tr><td><strong>2016<\/strong><\/td><td>H.P. Bastian<\/td><td>K.H. Ilzh\u00f6fer<\/td><td>C. Kandler<\/td><td>B. Koch<\/td><td>Benk u. Vogel<\/td><td>T. K\u00f6hler<\/td><td>K. Schott<\/td><td>C. Kandler<\/td><\/tr><tr><td>2015<\/td><td>T. K\u00f6hler<\/td><td>K.H. Ilzh\u00f6fer<\/td><td>N. M\u00fchleck<\/td><td>B. Koch<\/td><td>Vogel u. Benk<\/td><td>M.C. Tran<\/td><td>M. Gebers<\/td><td>M.Stiefelmeyer<\/td><\/tr><tr><td><strong>2014<\/strong><\/td><td>T. K\u00f6hler<\/td><td>K.H. Ilzh\u00f6fer<\/td><td>N. M\u00fchleck<\/td><td>B. Koch<\/td><td>Vogel u. Benk<\/td><td>M.C. Tran<\/td><td>M. Gebers<\/td><td><em><em>vakant<\/em><\/em><\/td><\/tr><tr><td>2013<\/td><td>T. K\u00f6hler<\/td><td>K.H. Ilzh\u00f6fer<\/td><td>M.C. Tran<\/td><td>B. Koch<\/td><td>D. Schulz<\/td><td>H. Winter<\/td><td>M. Gebers<\/td><td><em><em>vakant<\/em><\/em><\/td><\/tr><tr><td><strong>2012<\/strong><\/td><td>T. K\u00f6hler<\/td><td>K.H. Ilzh\u00f6fer<\/td><td>M.C. Tran<\/td><td>B. Koch<\/td><td>D. Schulz<\/td><td>H. Winter<\/td><td>M. Gebers<\/td><td><em><em>vakant<\/em><\/em><\/td><\/tr><tr><td>2011<\/td><td>T. K\u00f6hler<\/td><td>K.H. Ilzh\u00f6fer<\/td><td>M.C. Tran<\/td><td>B. Koch<\/td><td><em><em>vakant<\/em><\/em><\/td><td><em><em>vakant<\/em><\/em><\/td><td>M. Gebers<\/td><td>K. J\u00e4ger<\/td><\/tr><tr><td><strong>2010<\/strong><\/td><td>T. K\u00f6hler<\/td><td>K.H. Ilzh\u00f6fer<\/td><td>M.C. Tran<\/td><td>B. Koch<\/td><td><em><em>vakant<\/em><\/em><\/td><td><em><em>vakant<\/em><\/em><\/td><td>M. Gebers<\/td><td>K. J\u00e4ger<\/td><\/tr><tr><td>2009<\/td><td>T. K\u00f6hler<\/td><td>K.H. Ilzh\u00f6fer<\/td><td>S. Urban<\/td><td>B. Koch<\/td><td>C. Schutte<\/td><td>M.C. Tran<\/td><td>M. Gebers<\/td><td>K. J\u00e4ger<\/td><\/tr><tr><td><strong>2008<\/strong><\/td><td>T. K\u00f6hler<\/td><td>K.H. Ilzh\u00f6fer<\/td><td>S. Urban<\/td><td>B. Koch<\/td><td>C. Schutte<\/td><td>M.C. Tran<\/td><td>M. Braun<\/td><td>K. J\u00e4ger<\/td><\/tr><tr><td>2007<\/td><td>K.H. Ilzh\u00f6fer<\/td><td>K. J\u00e4ger<\/td><td>S. Urban<\/td><td>B. Koch<\/td><td>C. Schutte<\/td><td>M.C. Tran<\/td><td>M. Braun<\/td><td>K. J\u00e4ger<\/td><\/tr><tr><td><strong>2006<\/strong><\/td><td>K.H. Ilzh\u00f6fer<\/td><td>K. J\u00e4ger<\/td><td>S. Urban<\/td><td>B. Koch<\/td><td>C. Schutte<\/td><td>M.C. Tran<\/td><td>M. Braun<\/td><td>K. J\u00e4ger<\/td><\/tr><tr><td>2005<\/td><td>K.H. Ilzh\u00f6fer<\/td><td>M.C. Tran<\/td><td>S. Urban<\/td><td>H. Krebs<\/td><td>C. Schutte<\/td><td>D. Schulz<\/td><td>B. Koch<\/td><td>K. J\u00e4ger<\/td><\/tr><tr><td><strong>2004<\/strong><\/td><td>K.H. Ilzh\u00f6fer<\/td><td>M.C. Tran<\/td><td>S. Urban<\/td><td>H. Krebs<\/td><td>C. Schutte<\/td><td>D. Schulz<\/td><td>B. Koch<\/td><td>K. J\u00e4ger<\/td><\/tr><tr><td>2003<\/td><td>K.H. Ilzh\u00f6fer<\/td><td>M.C. Tran<\/td><td>S. Urban<\/td><td>H. Krebs<\/td><td>C. Schutte<\/td><td>D. Schulz<\/td><td>B. Koch<\/td><td>K. J\u00e4ger<\/td><\/tr><tr><td><strong>2002<\/strong><\/td><td>K.H. Ilzh\u00f6fer<\/td><td>M.C. Tran<\/td><td>S. Urban<\/td><td>H. Krebs<\/td><td>C. Schutte<\/td><td>D. Schulz<\/td><td>B. Koch<\/td><td>K. J\u00e4ger<\/td><\/tr><tr><td>2001<\/td><td>K.H. Ilzh\u00f6fer<\/td><td>H.M. Ruopp<\/td><td>M.C. Tran<\/td><td>H. Krebs<\/td><td>T. K\u00f6hler<\/td><td>D. Schulz<\/td><td>H. Winter<\/td><td>K. J\u00e4ger<\/td><\/tr><tr><td><strong>2000<\/strong><\/td><td>K.H. Ilzh\u00f6fer<\/td><td>H.M. Ruopp<\/td><td>M.C. Tran<\/td><td>H. Krebs<\/td><td>T. K\u00f6hler<\/td><td>D. Schulz<\/td><td>H. Winter<\/td><td>K. J\u00e4ger<\/td><\/tr><tr><td>1999<\/td><td>K.H. Ilzh\u00f6fer<\/td><td>H.M. Ruopp<\/td><td>J. J\u00e4ger<\/td><td>H. Krebs<\/td><td>T. K\u00f6hler<\/td><td>K. Moll<\/td><td>H. Winter<\/td><td>K. J\u00e4ger<\/td><\/tr><tr><td><strong>1998<\/strong><\/td><td>K.H. Ilzh\u00f6fer<\/td><td>H.M. Ruopp<\/td><td>J. J\u00e4ger<\/td><td>H. Krebs<\/td><td>T. K\u00f6hler<\/td><td>K. Moll<\/td><td>A.Schwarz<\/td><td>K. J\u00e4ger<\/td><\/tr><tr><td><\/td><td><strong>Vorsitzender<\/strong><\/td><td><strong>Stellvertreter<\/strong><\/td><td><strong>Schriftf\u00fchrer<\/strong><\/td><td><strong>&nbsp;Kassier&nbsp;<\/strong><\/td><td><strong>Jugendleiter<\/strong><\/td><td><strong>Beisitzer<\/strong><\/td><td><strong>&nbsp;Beisitzer<\/strong><\/td><td><strong>Pressewart<\/strong><\/td><\/tr><tr><td>1997<\/td><td>R. Schweizer<\/td><td>K. J\u00e4ger<\/td><td>K.H. Ilzh\u00f6fer<\/td><td>H. Krebs<\/td><td>T. K\u00f6hler<\/td><td>M.Eisenhuth<\/td><td>J. J\u00e4ger<\/td><td>M. Eisenhuth<\/td><\/tr><tr><td><strong>1996<\/strong><\/td><td>R. Schweizer<\/td><td>K. J\u00e4ger<\/td><td>K.H. Ilzh\u00f6fer<\/td><td>H. Krebs<\/td><td>T. K\u00f6hler<\/td><td>M.Eisenhuth<\/td><td>J. J\u00e4ger<\/td><td>M. Eisenhuth<\/td><\/tr><tr><td>1995<\/td><td>R. Schweizer<\/td><td>K. J\u00e4ger<\/td><td>H.M. Ruopp<\/td><td>H. Krebs<\/td><td>J. J\u00e4ger<\/td><td>M.Eisenhuth<\/td><td>E. Kneile<\/td><td>M. Eisenhuth<\/td><\/tr><tr><td><strong>1994<\/strong><\/td><td>R. Schweizer<\/td><td>K. J\u00e4ger<\/td><td>H.M. Ruopp<\/td><td>H. Krebs<\/td><td>J. J\u00e4ger<\/td><td>M.Eisenhuth<\/td><td>E. Kneile<\/td><td>M. Eisenhuth<\/td><\/tr><tr><td>1993<\/td><td>R. Schweizer<\/td><td>K. J\u00e4ger<\/td><td>B. Koch<\/td><td>H. Krebs<\/td><td>R. Schilpp<\/td><td>H.M. Ruopp<\/td><td>E. Kneile<\/td><td>M.&nbsp;Eisenhuth<\/td><\/tr><tr><td><strong>1992<\/strong><\/td><td>R. Schweizer<\/td><td>K. J\u00e4ger<\/td><td>B. Koch<\/td><td>H. Krebs<\/td><td>M. Vogel<\/td><td>H.M. Ruopp<\/td><td>E. Kneile<\/td><td>M. Grupp<\/td><\/tr><tr><td>1991<\/td><td>R. Schweizer<\/td><td>K. J\u00e4ger<\/td><td>B. Koch<\/td><td>H. Krebs<\/td><td>D. Schulz<\/td><td>H.M. Ruopp<\/td><td>E. Kneile<\/td><td>K. J\u00e4ger<\/td><\/tr><tr><td><strong>1990<\/strong><\/td><td>R. Schweizer<\/td><td>R. Moll<\/td><td>B. Koch<\/td><td>H. Krebs<\/td><td>D. Schulz<\/td><td>K. J\u00e4ger<\/td><td>J. Benk<\/td><td>K. J\u00e4ger<\/td><\/tr><tr><td>1989<\/td><td>R. Schweizer<\/td><td>R. Moll<\/td><td>E. Kneile<\/td><td>H. Krebs<\/td><td>D. Schulz<\/td><td>M.Eisenhuth<\/td><td>K. J\u00e4ger<\/td><td>K. J\u00e4ger<\/td><\/tr><tr><td><strong>1988<\/strong><\/td><td>R. Schweizer<\/td><td>R. Moll<\/td><td>E. Kneile<\/td><td>H. Krebs<\/td><td>D. Schulz<\/td><td>M.Eisenhuth<\/td><td>K. J\u00e4ger<\/td><td>M. Merkwitza<\/td><\/tr><tr><td>1987<\/td><td>D. Schulz<\/td><td>R. Moll<\/td><td>E. Kneile<\/td><td>H. Krebs<\/td><td>K. J\u00e4ger<\/td><td>R.Schweizer<\/td><td>J. Fink<\/td><td>R. Schweizer<\/td><\/tr><tr><td><strong>1986<\/strong><\/td><td>D. Schulz<\/td><td>R. Moll<\/td><td>E. Kneile<\/td><td>H. Krebs<\/td><td>K. J\u00e4ger<\/td><td>R.Schweizer<\/td><td>J. Fink<\/td><td>R. Schweizer<\/td><\/tr><tr><td>1985<\/td><td>D. Schulz<\/td><td>R. Moll<\/td><td>G. Sattler<\/td><td>H. Krebs<\/td><td>K. J\u00e4ger<\/td><td>K. Schwarz<\/td><td>A. Keller<\/td><td>J. Benk<\/td><\/tr><tr><td><strong>1984<\/strong><\/td><td>D. Schulz<\/td><td>R. Moll<\/td><td>H. Bressmer<\/td><td>E. Kneile<\/td><td>K. J\u00e4ger<\/td><td>A. Keller<\/td><td>H. Krebs<\/td><td>K. J\u00e4ger<\/td><\/tr><tr><td>1983<\/td><td>D. Schulz<\/td><td>R. Moll<\/td><td>R. Schweizer<\/td><td>E. Kneile<\/td><td>K.&nbsp;Moll<\/td><td>A. Keller<\/td><td>K. J\u00e4ger<\/td><td>K. J\u00e4ger<\/td><\/tr><tr><td><strong>1982<\/strong><\/td><td>D. Schulz<\/td><td>R. Moll<\/td><td>R. Schweizer<\/td><td>E. Kneile<\/td><td>K. Moll<\/td><td>A. Keller<\/td><td>K. J\u00e4ger<\/td><td>K. J\u00e4ger<\/td><\/tr><tr><td>1981<\/td><td>D. Schulz<\/td><td>R. Moll<\/td><td>R. Schweizer<\/td><td>E. Kneile<\/td><td>H.J. Jordan<\/td><td>Go. Keller<\/td><td>K. J\u00e4ger<\/td><td>K. J\u00e4ger<\/td><\/tr><tr><td><strong>1980<\/strong><\/td><td>D. Schulz<\/td><td>R. Moll<\/td><td>R. Schweizer<\/td><td>E. Kneile<\/td><td>H.J. Jordan<\/td><td>Go. Keller<\/td><td>K. J\u00e4ger<\/td><td>K. J\u00e4ger<\/td><\/tr><tr><td>1979<\/td><td>D. Schulz<\/td><td>R. Moll<\/td><td>H.W. Schutte<\/td><td>E. Kneile<\/td><td>K. Moll<\/td><td>Go. Keller<\/td><td>K. J\u00e4ger<\/td><td>K. J\u00e4ger<\/td><\/tr><tr><td><strong>1978<\/strong><\/td><td>D. Schulz<\/td><td>R. Moll<\/td><td>H.W. Schutte<\/td><td>E. Kneile<\/td><td>K. Moll<\/td><td>Go. Keller<\/td><td>K. J\u00e4ger<\/td><td>K. J\u00e4ger<\/td><\/tr><tr><td><strong>1977<\/strong><\/td><td>D. Schulz<\/td><td>R. Moll<\/td><td>H.W. Schutte<\/td><td>E. Kneile<\/td><td>K. Harbort<\/td><td>Go. Keller<\/td><td>G. G\u00fcnther<\/td><td>G. G\u00fcnther<\/td><\/tr><tr><td><strong>1976<\/strong><\/td><td>E. Gall<\/td><td>G. G\u00fcnther<\/td><td>H. Palitschka<\/td><td>H. G\u00f6lz<\/td><td>K. Harbort<\/td><td>S.Falkenstein<\/td><td>R. Moll<\/td><td><em>ohne<\/em><\/td><\/tr><tr><td>1975<\/td><td>E. Gall<\/td><td>G. G\u00fcnther<\/td><td>H. Palitschka<\/td><td>H. G\u00f6lz<\/td><td>K. Eisenhuth<\/td><td>S.Falkenstein<\/td><td>R. Moll<\/td><td><em>ohne<\/em><\/td><\/tr><tr><td><strong>1974<\/strong><\/td><td>E. Gall<\/td><td>M.&nbsp;Eisenhuth<\/td><td>H. Palitschka<\/td><td>H. G\u00f6lz<\/td><td>K. Eisenhuth<\/td><td>S.Falkenstein<\/td><td>R. Moll<\/td><td><em>ohne<\/em><\/td><\/tr><tr><td>1973<\/td><td>E. Gall<\/td><td>M.&nbsp;Eisenhuth<\/td><td>K. J\u00e4ger<\/td><td>H. G\u00f6lz<\/td><td>K. Eisenhuth<\/td><td>S.Falkenstein<\/td><td>R. Moll<\/td><td><em>ohne<\/em><\/td><\/tr><tr><td><strong>1972<\/strong><\/td><td>E. Gall<\/td><td>M.&nbsp;Eisenhuth<\/td><td>K. J\u00e4ger<\/td><td>H. G\u00f6lz<\/td><td><em><em>vakant<\/em><\/em><\/td><td>S.Falkenstein<\/td><td>R. Moll<\/td><td><em>ohne<\/em><\/td><\/tr><tr><td><\/td><td><strong>Vorsitzender<\/strong><\/td><td><strong>Stellvertreter<\/strong><\/td><td><strong>Schriftf\u00fchrer<\/strong><\/td><td><strong>&nbsp;Kassier&nbsp;<\/strong><\/td><td><strong>Jugendleiter<\/strong><\/td><td><strong>Beisitzer<\/strong><\/td><td><strong>&nbsp;Beisitzer<\/strong><\/td><td><strong>Pressewart<\/strong><\/td><\/tr><\/tbody><\/table><\/figure>\n<\/div>\n<\/div>\n<\/div><\/div>\n\n\n\n<p><\/p>\n","protected":false},"excerpt":{"rendered":"<p>Die Funktion\u00e4re seit Gr\u00fcndung des eigenst\u00e4ndigen u. eingetragenen Schachvereins waren: Vorsitzender Stellvertreter Schriftf\u00fchrer &nbsp;Kassier&nbsp;&nbsp; Jugendleiter Sportwart Beisitzer Pressewart 2021 C. Kandler K.H.Ilzh\u00f6fer vakant E.Motzer M.Stiefelmeyer S. Koch H.P.Bastian vakant 2020 C. Kandler K.H. Ilzh\u00f6fer vakant E.Motzer M.Stiefelmeyer S. Koch H.P.Bastian vakant 2019 C. Kandler K.H. Ilzh\u00f6fer T. K\u00f6hler B. Koch M.Stiefelmeyer S. Koch H.P.Bastian C. &hellip; <\/p>\n<p class=\"link-more\"><a href=\"https:\/\/www.schachclub-kirchheim.de\/index.php\/funktionaere\/\" class=\"more-link\"><span class=\"screen-reader-text\">\u201eFunktion\u00e4re\u201c <\/span>weiterlesen<\/a><\/p>\n","protected":false},"author":17,"featured_media":0,"parent":0,"menu_order":0,"comment_status":"closed","ping_status":"closed","template":"","meta":{"footnotes":""},"class_list":["post-654","page","type-page","status-publish","hentry","entry"],"_links":{"self":[{"href":"https:\/\/www.schachclub-kirchheim.de\/index.php\/wp-json\/wp\/v2\/pages\/654","targetHints":{"allow":["GET"]}}],"collection":[{"href":"https:\/\/www.schachclub-kirchheim.de\/index.php\/wp-json\/wp\/v2\/pages"}],"about":[{"href":"https:\/\/www.schachclub-kirchheim.de\/index.php\/wp-json\/wp\/v2\/types\/page"}],"author":[{"embeddable":true,"href":"https:\/\/www.schachclub-kirchheim.de\/index.php\/wp-json\/wp\/v2\/users\/17"}],"replies":[{"embeddable":true,"href":"https:\/\/www.schachclub-kirchheim.de\/index.php\/wp-json\/wp\/v2\/comments?post=654"}],"version-history":[{"count":0,"href":"https:\/\/www.schachclub-kirchheim.de\/index.php\/wp-json\/wp\/v2\/pages\/654\/revisions"}],"wp:attachment":[{"href":"https:\/\/www.schachclub-kirchheim.de\/index.php\/wp-json\/wp\/v2\/media?parent=654"}],"curies":[{"name":"wp","href":"https:\/\/api.w.org\/{rel}","templated":true}]}}