{"id":659,"date":"2019-09-01T10:49:00","date_gmt":"2019-09-01T08:49:00","guid":{"rendered":"https:\/\/www.schachclub-kirchheim.de\/?page_id=659"},"modified":"2022-10-23T17:11:54","modified_gmt":"2022-10-23T15:11:54","slug":"stadtmeisterschaften","status":"publish","type":"page","link":"https:\/\/www.schachclub-kirchheim.de\/index.php\/stadtmeisterschaften\/","title":{"rendered":"Stadtmeisterschaften"},"content":{"rendered":"\n<h2 class=\"has-small-font-size wp-block-heading\"><strong>Die Ausschreibung der letzten Kirchheimer Stadtmeisterschaft 2019\/20:<\/strong><\/h2>\n\n\n\n<figure class=\"wp-block-table\"><table><tbody><tr><td><strong>Spielberechtigt<\/strong><\/td><td>Keine Einschr\u00e4nkung, G\u00e4ste herzlich willkommen<\/td><\/tr><tr><td><strong>Spiellokal<\/strong><\/td><td>Es wird in Nabern und in \u00d6tlingen abwechselnd Blitz- oder Schnellschach gespielt. Rathaus Nabern, Alte Kirchheimer Stra\u00dfe 7, 73230 Kirchheim-Nabern;&nbsp;Haus der Vereine Stuttgarter Stra\u00dfe 155, 73230 Kirchheim-\u00d6tlingen;  <\/td><\/tr><tr><td><strong>Modus mit Bedenkzeiten<\/strong>,<br><strong>Urkunden<\/strong>, <strong>Wanderpokal<\/strong> <\/td><td><strong>Blitzschach (5 M.):<\/strong> Jeder gegen Jeden; bei wenigen Teilnehmern doppelrundig <strong>Schnellschach (15 Min.):<\/strong> 5 Runden Schweizer System <br><strong>Turnierschach (60 Min.):<\/strong> 2 Finalrunden im KO-System mit gelosten Paarungen unter den besten vier der Kombinationswertung (Stechen bei Remis: Blitzpartien mit vertauschten Farben);&nbsp;Urkunden f\u00fcr die besten drei Spieler in der jeweiligen Jahreswertung (Blitz-, Schnell- und Turnierschach); Wanderpokal f\u00fcr den besten Kirchheimer Spieler <\/td><\/tr><tr><td><strong>Termine<\/strong><\/td><td>Mittwoch 11.9.19 Blitz (Na), Mittwoch 16.10.19 Schnell (Na), Freitag 15.11.19 Blitz (Ki), Freitag 17.1.20 Schnell (Ki), Mittwoch 12.2.20 Blitz (Na), Mittwoch 11.3.20 Schnell (Na), Freitag 17.4.20 Blitz (Ki), Freitag 15.5.20 Schnell (Ki) jeweils 20:00 Uhr &#8211; <strong>Finale<\/strong> Sa 20.06.2020 (Ki oder Na) 10 Uhr mit Ermittlung des Stadtmeisters und Siegerehrung; Rahmenprogramm Sch\u00fclermeisterschaft<\/td><\/tr><tr><td><strong>Anmeldung<\/strong><\/td><td>Bis 20 Uhr jeweils vor Ort<\/td><\/tr><tr><td><strong>Turnierleitung<\/strong><\/td><td>Tobias Traier: tobias.traier@web.de 0711\/366836 o. 0171\/3753317 Steffen Koch: steffen@sfnabern.de 0176\/43540777<\/td><\/tr><\/tbody><\/table><\/figure>\n","protected":false},"excerpt":{"rendered":"<p>Die Ausschreibung der letzten Kirchheimer Stadtmeisterschaft 2019\/20: Spielberechtigt Keine Einschr\u00e4nkung, G\u00e4ste herzlich willkommen Spiellokal Es wird in Nabern und in \u00d6tlingen abwechselnd Blitz- oder Schnellschach gespielt. Rathaus Nabern, Alte Kirchheimer Stra\u00dfe 7, 73230 Kirchheim-Nabern;&nbsp;Haus der Vereine Stuttgarter Stra\u00dfe 155, 73230 Kirchheim-\u00d6tlingen; Modus mit Bedenkzeiten,Urkunden, Wanderpokal Blitzschach (5 M.): Jeder gegen Jeden; bei wenigen Teilnehmern doppelrundig &hellip; <\/p>\n<p class=\"link-more\"><a href=\"https:\/\/www.schachclub-kirchheim.de\/index.php\/stadtmeisterschaften\/\" class=\"more-link\"><span class=\"screen-reader-text\">\u201eStadtmeisterschaften\u201c <\/span>weiterlesen<\/a><\/p>\n","protected":false},"author":17,"featured_media":0,"parent":0,"menu_order":0,"comment_status":"closed","ping_status":"closed","template":"","meta":{"footnotes":""},"class_list":["post-659","page","type-page","status-publish","hentry","entry"],"_links":{"self":[{"href":"https:\/\/www.schachclub-kirchheim.de\/index.php\/wp-json\/wp\/v2\/pages\/659","targetHints":{"allow":["GET"]}}],"collection":[{"href":"https:\/\/www.schachclub-kirchheim.de\/index.php\/wp-json\/wp\/v2\/pages"}],"about":[{"href":"https:\/\/www.schachclub-kirchheim.de\/index.php\/wp-json\/wp\/v2\/types\/page"}],"author":[{"embeddable":true,"href":"https:\/\/www.schachclub-kirchheim.de\/index.php\/wp-json\/wp\/v2\/users\/17"}],"replies":[{"embeddable":true,"href":"https:\/\/www.schachclub-kirchheim.de\/index.php\/wp-json\/wp\/v2\/comments?post=659"}],"version-history":[{"count":0,"href":"https:\/\/www.schachclub-kirchheim.de\/index.php\/wp-json\/wp\/v2\/pages\/659\/revisions"}],"wp:attachment":[{"href":"https:\/\/www.schachclub-kirchheim.de\/index.php\/wp-json\/wp\/v2\/media?parent=659"}],"curies":[{"name":"wp","href":"https:\/\/api.w.org\/{rel}","templated":true}]}}